ctors of 32369264.
2, 137, 14767
What are the prime factors of 2251081511?
7, 45940439
What are the prime factors of 402188388?
2, 3, 7, 4787957
List the prime factors of 154045569.
3, 41, 1252403
List the prime factors of 244989108.
2, 3, 7, 13, 17, 53, 83
List the prime factors of 20796707.
20796707
What are the prime factors of 3201945264?
2, 3, 7, 3176533
List the prime factors of 69295060.
2, 5, 17, 203809
What are the prime factors of 1337760411?
3, 13, 34301549
What are the prime factors of 501279243?
3, 41, 99401
What are the prime factors of 4634189159?
271, 3613, 4733
What are the prime factors of 52564277?
3923, 13399
What are the prime factors of 1668680580?
2, 3, 5, 7, 89, 44641
List the prime factors of 511286721.
3, 11, 15493537
List the prime factors of 31232103.
3, 7, 131, 11353
What are the prime factors of 570943882?
2, 19, 790781
What are the prime factors of 245653337?
19, 3217, 4019
What are the prime factors of 244972974?
2, 3, 31, 1317059
List the prime factors of 422353863.
3, 67, 139, 5039
List the prime factors of 438317290.
2, 5, 17, 379, 6803
What are the prime factors of 5064020607?
3, 23, 73391603
List the prime factors of 7345164874.
2, 17, 216034261
List the prime factors of 702015575.
5, 28080623
What are the prime factors of 32625414?
2, 3, 17, 106619
What are the prime factors of 3019293404?
2, 227, 547, 6079
List the prime factors of 8099881311.
3, 127, 21259531
What are the prime factors of 1105855126?
2, 31, 17836373
List the prime factors of 592668174.
2, 3, 7, 14111147
What are the prime factors of 4538246635?
5, 13, 53, 101, 13043
List the prime factors of 69525446.
2, 19, 1829617
List the prime factors of 1217145218.
2, 608572609
What are the prime factors of 1241687285?
5, 248337457
What are the prime factors of 31995216?
2, 3, 11, 6733
What are the prime factors of 36106771?
36106771
What are the prime factors of 101671612?
2, 7, 271, 13399
List the prime factors of 8736095.
5, 43, 179, 227
List the prime factors of 346612897.
83, 233, 17923
List the prime factors of 190220283.
3, 11, 1921417
List the prime factors of 319797086.
2, 7, 73, 211, 1483
What are the prime factors of 2693825709?
3, 311, 739, 3907
List the prime factors of 16144100.
2, 5, 7, 23063
List the prime factors of 7048939.
193, 36523
What are the prime factors of 592515003?
3, 37, 5337973
List the prime factors of 39526372.
2, 9881593
What are the prime factors of 55509229?
443, 125303
List the prime factors of 5199800858.
2, 7, 947, 392201
What are the prime factors of 100004466?
2, 3, 16667411
List the prime factors of 34653399.
3, 11, 43, 24421
List the prime factors of 44497889.
44497889
What are the prime factors of 87128266?
2, 37, 463, 2543
List the prime factors of 6305287082.
2, 61, 271, 190711
What are the prime factors of 102113783?
31, 3293993
List the prime factors of 172650296.
2, 7, 13, 237157
What are the prime factors of 235865655?
3, 5, 1747153
List the prime factors of 22856347.
17, 1344491
What are the prime factors of 2960352975?
3, 5, 39471373
List the prime factors of 1288090577.
137, 9402121
List the prime factors of 3137058957.
3, 467, 2239157
What are the prime factors of 5041923379?
5041923379
List the prime factors of 23094025.
5, 19, 48619
List the prime factors of 1332025225.
5, 17, 631, 4967
What are the prime factors of 1273659104?
2, 257, 154871
List the prime factors of 46778472.
2, 3, 13, 617
List the prime factors of 21816237.
3, 19, 347, 1103
What are the prime factors of 79493230?
2, 5, 7949323
List the prime factors of 481566208.
2, 17, 61, 907
List the prime factors of 379702225.
5, 7, 17, 18233
What are the prime factors of 1385999827?
73, 103, 184333
List the prime factors of 599574107.
11, 53, 59, 17431
What are the prime factors of 2635794244?
2, 4463, 147647
List the prime factors of 73039522.
2, 59, 618979
What are the prime factors of 29745619?
29, 349, 2939
What are the prime factors of 157403287?
503, 312929
List the prime factors of 252522422.
2, 53, 101, 103, 229
List the prime factors of 19477683.
3, 599, 3613
What are the prime factors of 230346274?
2, 1213, 94949
List the prime factors of 46431483.
3, 7, 2211023
List the prime factors of 2138113903.
2138113903
List the prime factors of 395612418.
2, 3, 2971, 22193
What are the prime factors of 2231949?
3, 19, 39157
List the prime factors of 542117810.
2, 5, 13, 379, 11003
What are the prime factors of 331659131?
331659131
What are the prime factors of 123300814?
2, 7, 13, 191, 3547
What are the prime factors of 81675579?
3, 641, 42473
List the prime factors of 74481407.
7, 11, 13, 37, 2011
What are the prime factors of 763401690?
2, 3, 5, 8482241
What are the prime factors of 334116433?
7, 367, 130057
List the prime factors of 117909413.
353, 334021
What are the prime factors of 792682707?
3, 1933, 136693
List the prime factors of 56326106.
2, 28163053
What are the prime factors of 281405594?
2, 101, 1393097
List the prime factors of 178188335.
5, 13, 229, 11971
List the prime factors of 288978173.
11, 431, 60953
List the prime factors of 31273192.
2, 23, 349, 487
List the prime factors of 30800400.
2, 3, 5, 25667
List the prime factors of 5032714388.
2, 13, 277, 349397
What are the prime factors of 934363643?
811, 1152113
List the prime factors of 62019045.
3, 5, 11, 349, 359
List the prime factors of 1346295978.
2, 3, 8310469
List the prime factors of 1496162239.
11, 13, 19, 42359
List the prime factors of 456122.
2, 228061
List the prime factors of 345319836.
2, 3, 28776653
What are the prime factors of 2625187965?
3, 5, 491, 356441
What are the prime factors of 76523846?
2, 7, 439, 12451
What are the prime factors of 235738997?
13, 397, 45677
List the prime factors of 239474621.
139, 1722839
List the prime factors of 500737280.
2, 5, 37, 97, 109
What are the prime factors of 2300572456?
2, 7, 13, 3160127
What are the prime factors of 791282106?
2, 3, 43960117
List the prime factors of 27692809.
223, 124183
What are the prime factors of 153500777?
153500777
What are the prime factors of 1870667950?
2, 5, 4007, 9337
What are the prime factors of 47335788?
2, 3, 1314883
List the prime factors of 836708960.
2, 5, 5229431
List the prime factors of 2667904699.
5507, 484457
What are the prime factors of 832639663?
349, 2385787
List the prime factors of 7196052031.
7, 4793, 214481
What are the prime factors of 241357405?
5, 48271481
What are the prime factors of 450994955?
5, 17, 5305823
List the prime factors of 151454100.
2, 3, 5, 7, 10303
List the prime factors of 242115391.
7, 3307, 10459
List the prime factors of 89876853.
3, 11, 241, 3767
List the prime factors of 31546235.
5, 7, 109, 8269
What are the prime factors of 3404239?
3404239
What are the prime factors of 56858233?
37, 263, 5843
List the prime factors of 612461115.
3, 5, 7, 648107
What are the prime factors of 203921380?
2, 5, 13, 784313
List the prime factors of 106721237.
7, 41, 371851
List the prime factors of 896817451.
21569, 41579
List the prime factors of 56590058.
2, 7, 409, 9883
What are the prime factors of 66732307?
109, 612223
List the prime factors of 99771454.
2, 31, 127, 12671
List the prime factors of 48923207.
43, 1137749
What are the prime factors of 1600720874?
2, 251, 3188687
List the prime factors of 786044423.
1907, 412189
List the prime factors of 210297917.
210297917
List the prime factors of 99707793.
3, 33235931
What are the prime factors of 212008122?
2, 3, 17, 59, 11743
What are the prime factors of 9099630?
2, 3, 5, 101107
What are the prime factors of 70334755?
5, 14066951
List the prime factors of 41326390.
2, 5, 7, 590377
What are the prime factors of 49174781?
127, 387203
What are the prime factors of 301916954?
2, 19, 367, 21649
What are the prime factors of 2052435198?
2, 3, 11, 47, 71, 9319
What are the prime factors of 618000272?
2, 61, 633197
List the prime factors of 235326313.
109, 761, 2837
What are the prime factors of 547155014?
2, 7, 1297, 30133
What are the prime factors of 18699189?
3, 6233063
List the prime factors of 533402989.
7, 37, 41, 50231
What are the prime factors of 38588832?
2, 3, 59, 757
List the prime factors of 93489785.
5, 19, 79, 12457
What are the prime factors of 140730996?
2, 3, 7, 1675369
List th